rue
Is 6566593 prime?
False
Is 4108837 a composite number?
False
Is 1063462 a prime number?
False
Is 12380491 a composite number?
False
Is 21941197 prime?
False
Is 591715 prime?
False
Is 9940001 a prime number?
True
Is 200293211 composite?
False
Is 2246735 composite?
True
Is 2165473 a composite number?
True
Is 916369559 a composite number?
True
Is 1638529 composite?
True
Is 188410933 a prime number?
True
Is 16257965 a prime number?
False
Is 52986737 prime?
True
Is 7919699 a composite number?
True
Is 8311231 a composite number?
False
Is 202515121 composite?
False
Is 312546107 composite?
False
Is 142576903 prime?
False
Is 27239 a composite number?
False
Is 28525493 composite?
False
Is 27594839 a prime number?
True
Is 51535181 composite?
False
Is 27585973 a composite number?
True
Is 1815629 a prime number?
True
Is 8385691 composite?
False
Is 391719686 a prime number?
False
Is 14311006 composite?
True
Is 37342661 prime?
True
Is 3915458 a composite number?
True
Is 46554873 prime?
False
Is 14276111 prime?
True
Is 31247341 composite?
False
Is 230467 a composite number?
False
Is 16392091 composite?
False
Is 6933869 prime?
True
Is 5925362 a composite number?
True
Is 34479131 composite?
True
Is 12237167 prime?
False
Is 210445 a prime number?
False
Is 13938671 composite?
False
Is 2093869 a composite number?
False
Is 1416619 a prime number?
False
Is 6938767 prime?
False
Is 911240619 a prime number?
False
Is 194809267 a prime number?
False
Is 31391747 a prime number?
False
Is 513127 prime?
False
Is 28350323 prime?
False
Is 641327 prime?
True
Is 1660177 prime?
True
Is 959561 composite?
False
Is 264097 a composite number?
True
Is 157389359 a prime number?
True
Is 13843741 prime?
False
Is 49144679 composite?
False
Is 493637 a composite number?
True
Is 88373539 a composite number?
True
Is 1566931931 a prime number?
True
Is 1910287 composite?
False
Is 446027981 prime?
False
Is 3600791 prime?
True
Is 1163033 composite?
False
Is 49460839 prime?
True
Is 15748883 a composite number?
True
Is 10120199 a prime number?
True
Is 5664673 a composite number?
True
Is 32728819 composite?
True
Is 64417819 prime?
False
Is 12748607 composite?
False
Is 2383347 a prime number?
False
Is 110991943 composite?
True
Is 13656453 a composite number?
True
Is 430403 composite?
True
Is 79012853 composite?
False
Is 53091517 composite?
False
Is 28316851 composite?
False
Is 73281317 a composite number?
True
Is 7162403 prime?
True
Is 3982753 prime?
False
Is 8908631 a composite number?
True
Is 459518419 prime?
True
Is 3518791 prime?
False
Is 7908647 prime?
True
Is 62419691 composite?
True
Is 5814983 prime?
True
Is 48062771 a composite number?
True
Is 32101001 a prime number?
False
Is 216863531 a prime number?
True
Is 89729327 a prime number?
True
Is 1003231 prime?
False
Is 48594565 a prime number?
False
Is 56394773 a prime number?
True
Is 6628943 a composite number?
False
Is 8846023 prime?
True
Is 127103 a composite number?
False
Is 3236587 composite?
False
Is 2705623 composite?
False
Is 9867643 a prime number?
True
Is 779445089 a composite number?
True
Is 12097817 a composite number?
False
Is 55499863 a composite number?
True
Is 60749317 a prime number?
False
Is 2910602 a composite number?
True
Is 576119 prime?
True
Is 1675259 a composite number?
False
Is 6780233 a prime number?
True
Is 97780637 prime?
True
Is 37137127 a prime number?
True
Is 56197 a composite number?
False
Is 12221641 a prime number?
False
Is 4142867 a composite number?
True
Is 405999235 prime?
False
Is 1424471 a prime number?
True
Is 71734639 prime?
True
Is 49530319 a prime number?
False
Is 23049281 prime?
True
Is 172896007 a prime number?
True
Is 459750947 a prime number?
True
Is 105089441 a prime number?
True
Is 4112963 a composite number?
True
Is 2486220821 a composite number?
True
Is 31678687 prime?
False
Is 36669989 prime?
True
Is 6915797 composite?
True
Is 2214307 a composite number?
True
Is 95571961 a prime number?
True
Is 3894199 a composite number?
True
Is 119599877 prime?
True
Is 46590857 a composite number?
True
Is 106333973 a prime number?
True
Is 18015317 composite?
False
Is 2232421 a prime number?
True
Is 78052753 a composite number?
False
Is 10796431 composite?
False
Is 609985447 a composite number?
False
Is 2700057 a prime number?
False
Is 11041557 a composite number?
True
Is 34702802 a composite number?
True
Is 7325321 composite?
False
Is 3470851 a composite number?
False
Is 127295771 a prime number?
False
Is 2157 composite?
True
Is 232742623 a composite number?
True
Is 72329107 a composite number?
True
Is 62401 a composite number?
False
Is 10984763 prime?
True
Is 23545411 composite?
True
Is 17520959 a prime number?
False
Is 7718897 composite?
False
Is 925020071 composite?
False
Is 228751 a composite number?
False
Is 251309 a prime number?
False
Is 16509433 a prime number?
True
Is 74475977 prime?
True
Is 106291151 prime?
True
Is 23183738 a composite number?
True
Is 16015447 prime?
False
Is 1363629 a composite number?
True
Is 399799 a prime number?
False
Is 3750407 composite?
False
Is 4251491 a prime number?
True
Is 70233379 a prime number?
True
Is 16554907 prime?
True
Is 12065831 a prime number?
False
Is 822667 prime?
True
Is 222992477 a prime number?
False
Is 767203 a prime number?
True
Is 1475264299 a composite number?
False
Is 42683799 prime?
False
Is 84621541 a prime number?
False
Is 8783771 a composite number?
False
Is 653057 a composite number?
False
Is 10544003 composite?
False
Is 21145849 prime?
False
Is 127090837 a prime number?
True
Is 10565827 a prime number?
True
Is 271064503 a composite number?
False
Is 69866899 prime?
False
Is 23453407 prime?
True
Is 13155827 a prime number?
True
Is 1294621 prime?
True
Is 2401895 a prime number?
False
Is 1211713 a composite number?
True
Is 4860833 a composite number?
True
Is 19118837 composite?
False
Is 251615123 composite?
False
Is 98696069 composite?
False
Is 3975779 a composite number?
False
Is 11658337 composite?
True
Is 8199029 a composite number?
False
Is 530406887 prime?
False
Is 377308453 composite?
False
Is 6332009 prime?
True
Is 273855619 a composite number?
False
Is 50945357 a composite number?
True
Is 12561091 a prime number?
True
Is 119587661 a prime number?
False
Is 1285841 prime?
True
Is 229524223 composite?
False
Is 3208253 a composite number?
False
Is 37226747 a composite number?
False
Is 1379321 composite?
False
Is 10970437 a composite number?
True
Is 184151761 composite?
False
Is 130703 a prime number?
False
Is 7239257 a prime number?
False
Is 35088047 prime?
True
Is 196939519 composite?
True
Is 5525251 a prime number?
True
Is 34043 a composite number?
True
Is 24593005 composite?
True
Is 128048062 composite?
True
Is 374324089 prime?
True
Is 8382949 a composite number?
False
Is 281666537 prime?
True
Is 2209409 a composite number?
False
Is 53781226 prime?
False
Is 3279559 prime?
True
Is 100499669 composite?
True
Is 1284421 composite?
False
Is 8312807 a composite number?
True
Is 276490079 prime?
True
Is 237882173 prime?
False
Is 10747069 prime?
True
Is 45315317 prime?
False
Is 34574101 a prime number?
False
Is 11605541 prime?
False
Is 403421 prime?
False
Is 88713689 composite?
False
Is 2781445 prime?
False
Is 336458393 a composite number?
True
Is 13805797 a composite number?
False
Is 919063 prime?
True
Is 1737091 composite?
True
Is 6005329 a composite number?
True
Is 11641247 a prime number?
True
Is 57633253 prime?
True
Is 580996753 a prime number?
True
Is 174099559 prime?
True
Is 1382039 a composite number?
False
Is 4723699 a prime number?
True
Is 11341489 a composite number?
False
Is 279751911 composite?
True
Is 149196269 prime?
True
Is 255190771 composite?
True
Is 852292659 composite?
True
Is 23374619 a composite number?
False
Is 96392437 a composite number?
True
Is 2686987 composite?
True
Is 278581 prime?
True
Is 23458481 prime?
False
Is 160459217 composite?
False
Is 13939769 a composite number?
False
Is 1927069 a prime number?
False
Is 28203919 prime?
True
Is 2875291 a prime number?
False
Is 37374133 a prime number?
True
Is 571646 a composite number?
True
Is 12092747 composite?
True
Is 140942537 a prime number?
False
Is 94320767 composite?
True
Is 3345053 a prime number?
False
Is 874317407 a prime number?
True
Is 11193703 a composite n